{"id":3076,"date":"2015-07-14T13:33:27","date_gmt":"2015-07-14T17:33:27","guid":{"rendered":"https:\/\/labase.org\/nicaragua\/?page_id=3076"},"modified":"2016-04-29T15:27:57","modified_gmt":"2016-04-29T21:27:57","slug":"historia","status":"publish","type":"page","link":"https:\/\/labase.org\/nicaragua\/historia\/","title":{"rendered":"Historia"},"content":{"rendered":"<p>[vc_row background_style=&#8221;light-wrapper&#8221; machine_padding=&#8221;no-pad&#8221; css=&#8221;.vc_custom_1449007533328{background-color: #ffffff !important;}&#8221;][vc_column width=&#8221;1\/1&#8243;][vc_empty_space height=&#8221;64px&#8221;][vc_empty_space height=&#8221;64px&#8221;][vc_column_text]<\/p>\n<h1 style=\"text-align: center;\"><span style=\"color: #9e0000;\">Nuestra Historia<\/span><\/h1>\n<p>[\/vc_column_text][\/vc_column][\/vc_row][vc_row background_style=&#8221;light-wrapper&#8221;][vc_column width=&#8221;1\/2&#8243;][vc_column_text]<\/p>\n<h3><span style=\"font-size: 24pt;\">El Inicio: Argentina<\/span><\/h3>\n<p>Tras el colapso econ\u00f3mico del 2003 en Argentina miles de f\u00e1bricas y negocios en Buenos Aires fueron abandonados, dejando a sus trabajadores sin recursos o forma digna de ganarse la vida. Pero en vez de caer en la desesperaci\u00f3n, muchos de estos\u00a0trabajadores decidieron recuperar sus antiguas plazas de trabajo y manejarlas democr\u00e1ticamente. Aun as\u00ed, los nuevos socios\u00a0se hallaron en aprietos tratando de encontrar cr\u00e9dito para financiar su desarrollo.<\/p>\n<p><strong>Lo que ellos\u2014y el resto del mundo\u2014necesitaban, era un estilo de financiamiento que pusiera a la gente antes del lucro monetario.<\/strong><\/p>\n<p>Al o\u00edr sobre las Empresas Recuperadas, Brendan Martin decidi\u00f3 dejar su puesto en Wall Street para encontrar una manera de apoyar al movimiento cooperativo. En el 2005, \u00e9l fund\u00f3 La Base para proveer el capital necesario y justo que \u00e9stas empresas necesitaban. A pesar de que los pr\u00e9stamos desafiaban todas las leyes de finanzas tradicionales, La Base recuper\u00f3 las inversiones\u00a0en solo algunos meses y comenz\u00f3 muchos m\u00e1s, invirtiendo millones de d\u00f3lares y manteniendo una asombrosa tasa de retorno\u00a0de 98%.<\/p>\n<p>Inspirados por el \u00e9xito inicial, el equipo se dispuso a probar sus m\u00e9todos en una econom\u00eda completamente distinta. El lugar de elecci\u00f3n fue Le\u00f3n, Nicaragua&#8230;[\/vc_column_text][vc_column_text]<br \/>\n[\/vc_column_text][\/vc_column][vc_column width=&#8221;1\/2&#8243;][vc_empty_space height=&#8221;100px&#8221;][vc_single_image image=&#8221;3942&#8243; alignment=&#8221;center&#8221; border_color=&#8221;grey&#8221; img_link_large=&#8221;&#8221; img_link_target=&#8221;_self&#8221; img_size=&#8221;full&#8221;][vc_column_text]<\/p>\n<p style=\"text-align: center;\">Brendan and Cooperativa Desde el Pie<br \/>\nBuenos Aires, Argentina. 2005.<\/p>\n<p>[\/vc_column_text][\/vc_column][\/vc_row][vc_row background_style=&#8221;dark-bg&#8221; css=&#8221;.vc_custom_1450298048220{background-position: center !important;background-repeat: no-repeat !important;background-size: cover !important;}&#8221; machine_padding=&#8221;no-pad&#8221;][vc_column width=&#8221;1\/6&#8243;][vc_column_text]<br \/>\n[\/vc_column_text][\/vc_column][vc_column width=&#8221;2\/3&#8243;][vc_empty_space height=&#8221;64px&#8221;][vc_column_text css=&#8221;.vc_custom_1459455549859{background-position: center !important;background-repeat: no-repeat !important;background-size: cover !important;}&#8221;]<\/p>\n<h2 class=\"p1\" style=\"text-align: center;\">Cooperativas en Nicaragua<\/h2>\n<p class=\"p1\" style=\"text-align: left;\">Parte de la raz\u00f3n por la que Nicaragua fue elegida como la nueva zona experimental de La Base en el 2008 era su historia cooperativista. El movimiento se remonta a los a\u00f1os 30, cuando Augusto C\u00e9sar Sandino funda las primeras cooperativas agr\u00edcolas formadas por campesinos desmovilizados de su ej\u00e9rcito.<\/p>\n<p>Sin embargo, con la muerte de Sandino, esa experiencia queda un tanto olvidada con la dictadura Somocista durante los siguientes 40 a\u00f1os.<\/p>\n<p>[\/vc_column_text][vc_empty_space height=&#8221;64px&#8221;][\/vc_column][vc_column width=&#8221;1\/6&#8243;][vc_column_text]<br \/>\n[\/vc_column_text][\/vc_column][\/vc_row][vc_row background_style=&#8221;dark-wrapper&#8221;][vc_column width=&#8221;1\/6&#8243;][vc_column_text]<br \/>\n[\/vc_column_text][\/vc_column][vc_column width=&#8221;2\/3&#8243;][vc_column_text]<\/p>\n<h3><span style=\"font-size: 24pt;\">La Entrada a Nicaragua<\/span><\/h3>\n<p>[\/vc_column_text][vc_column_text]<span style=\"font-weight: 400;\">Las investigaciones sobre el movimiento de los negocios locales, las cooperativas y las microfinanzas en Nicaragua comenzaron en el 2009, con la ayuda de Emma Yorra, economista originaria de los Estados Unidos con amplio inter\u00e9s en cooperativas. Emma hab\u00eda visitado Nicaragua anteriormente y qued\u00f3 impactada del pa\u00eds, la cultura y su econom\u00eda por lo cual no dudo pensar en Nicaragua como una buena opci\u00f3n para establecer una nueva rama de La Base despu\u00e9s de aprender sobre La Base Argentina y conocer las cooperativas en ese pa\u00eds.<\/span><br \/>\n<span style=\"font-weight: 400;\"><img loading=\"lazy\" class=\"alignleft wp-image-4078 size-medium\" src=\"https:\/\/labase.org\/nicaragua\/wp-content\/uploads\/2015\/07\/LA-LEONESA-300x200.jpg\" alt=\"\" width=\"300\" height=\"200\" srcset=\"https:\/\/labase.org\/nicaragua\/wp-content\/uploads\/2015\/07\/LA-LEONESA-300x200.jpg 300w, https:\/\/labase.org\/nicaragua\/wp-content\/uploads\/2015\/07\/LA-LEONESA-768x513.jpg 768w, https:\/\/labase.org\/nicaragua\/wp-content\/uploads\/2015\/07\/LA-LEONESA.jpg 960w\" sizes=\"(max-width: 300px) 100vw, 300px\" \/>Despu\u00e9s de casi un a\u00f1o de investigaci\u00f3n y establecimiento de relaciones con algunas cooperativas, La Base hizo algunos pr\u00e9stamos pilotos con las cooperativas: La Leonesa, La Uni\u00f3n y La Hermandad. Pronto le siguieron cooperativas en todo tipo de industrias: cereales, producci\u00f3n de calzado y turismo comunitario por mencionar algunas. Con los \u00e9xitos de los a\u00f1os de investigaciones y pruebas, en 2011 La Base crea su propia rama legalmente en Nicaragua.<br \/>\n<\/span>[\/vc_column_text][\/vc_column][vc_column width=&#8221;1\/6&#8243;][vc_column_text]<br \/>\n[\/vc_column_text][\/vc_column][\/vc_row][vc_row background_style=&#8221;light-wrapper&#8221; css=&#8221;.vc_custom_1449095420129{background-color: #ffffff !important;}&#8221;][vc_column][vc_row_inner][vc_column_inner width=&#8221;1\/6&#8243;]<br \/>\n[\/vc_column_inner][vc_column_inner width=&#8221;1\/3&#8243;][vc_column_text]<\/p>\n<h3 style=\"text-align: center;\"><span style=\"font-size: 24pt;\">La Base Hoy<\/span><\/h3>\n<p>[\/vc_column_text][vc_column_text]Hoy en La Base, trabajamos en enlaces comunitarios y locales para llegar a las cooperativas Nicarag\u00fcenses. Adem\u00e1s de proveer capital a cooperativas establecidas, nos esforzamos por incluir y motivar a grupos solidarios para que exploren y conozcan los beneficios que trae trabajar de manera conjunta. Tambi\u00e9n hemos logrado desarrollar cadenas de valor y redes de negocios entre las cooperativas, promoviendo el apoyo t\u00e9cnico solidario entre las mismas.<\/p>\n<p>En el 2012 expandimos nuestras operaciones a los Estados Unidos, otorgando pr\u00e9stamos en las ciudades de Chicago y Nueva York. Esta expansi\u00f3n prob\u00f3 una vez m\u00e1s que las finanzas no extractivas funcionan en contextos y lugares vastamente diferentes. Los tres pilares de La Base trabajan en conjunto, para hacer un cambio del sistema econ\u00f3mico tradicional, tenemos la certeza que nuestro financiamiento est\u00e1 contribuyendo significativamente en cada uno de los socios de las cooperativas y sus comunidades.[\/vc_column_text][vc_empty_space height=&#8221;32px&#8221;][\/vc_column_inner][vc_column_inner width=&#8221;1\/3&#8243;][vc_empty_space height=&#8221;85px&#8221;][vc_single_image image=&#8221;3676&#8243; alignment=&#8221;right&#8221; border_color=&#8221;grey&#8221; img_link_large=&#8221;&#8221; img_link_target=&#8221;_self&#8221; img_size=&#8221;large&#8221;][\/vc_column_inner][vc_column_inner width=&#8221;1\/6&#8243;]<br \/>\n[\/vc_column_inner][\/vc_row_inner][vc_row_inner][vc_column_inner width=&#8221;1\/6&#8243;]<br \/>\n[\/vc_column_inner][vc_column_inner width=&#8221;1\/3&#8243;][vc_single_image border_color=&#8221;grey&#8221; img_link_large=&#8221;&#8221; img_link_target=&#8221;_self&#8221; img_size=&#8221;250&#215;250&#8243; alignment=&#8221;center&#8221; image=&#8221;4081&#8243;][vc_column_text]<\/p>\n<p style=\"text-align: center;\"><span style=\"font-family: din-reg-blck;\"><a href=\"https:\/\/labase.org\/\" target=\"_blank\">LA BASE ARGENTINA<\/a><\/span><\/p>\n<p>[\/vc_column_text][\/vc_column_inner][vc_column_inner width=&#8221;1\/3&#8243;][vc_single_image border_color=&#8221;grey&#8221; img_link_large=&#8221;&#8221; img_link_target=&#8221;_self&#8221; img_size=&#8221;250&#215;250&#8243; alignment=&#8221;center&#8221; image=&#8221;2389&#8243;][vc_column_text]<\/p>\n<p style=\"text-align: center;\"><span style=\"font-family: din-reg-blck;\"><a href=\"http:\/\/theworkingworld.org\" target=\"_blank\">THE WORKING WORLD USA<\/a><\/span><\/p>\n<p>[\/vc_column_text][\/vc_column_inner][vc_column_inner width=&#8221;1\/6&#8243;]<br \/>\n[\/vc_column_inner][\/vc_row_inner][\/vc_column][\/vc_row][vc_row][vc_column width=&#8221;1\/1&#8243;]<div class=\"action-strip-1\"><div class=\"text-center\"><span class=\"alt-font\">Ver nuestros pr\u00e9stamos actuales<\/span><i class=\"icon pe-7s-look\"><\/i>\n\t\t\t\t<a class=\"text-link\" href=\"https:\/\/labase.org\/nicaragua\/prestamos\/\" target=\"_blank\">Ver M\u00e1s <i class=\"icon arrow_right\"><\/i><\/a>\n\t\t\t<\/div>\n\t\t<\/div>[\/vc_column][\/vc_row]<\/p>\n","protected":false},"excerpt":{"rendered":"<p>[vc_row background_style=&#8221;light-wrapper&#8221; machine_padding=&#8221;no-pad&#8221; css=&#8221;.vc_custom_1449007533328{background-color: #ffffff !important;}&#8221;][vc_column width=&#8221;1\/1&#8243;][vc_empty_space height=&#8221;64px&#8221;][vc_empty_space height=&#8221;64px&#8221;][vc_column_text] Nuestra Historia [\/vc_column_text][\/vc_column][\/vc_row][vc_row background_style=&#8221;light-wrapper&#8221;][vc_column width=&#8221;1\/2&#8243;][vc_column_text] El Inicio: Argentina Tras el colapso econ\u00f3mico&#8230;<\/p>\n","protected":false},"author":1,"featured_media":0,"parent":0,"menu_order":0,"comment_status":"closed","ping_status":"closed","template":"","meta":[],"_links":{"self":[{"href":"https:\/\/labase.org\/nicaragua\/wp-json\/wp\/v2\/pages\/3076"}],"collection":[{"href":"https:\/\/labase.org\/nicaragua\/wp-json\/wp\/v2\/pages"}],"about":[{"href":"https:\/\/labase.org\/nicaragua\/wp-json\/wp\/v2\/types\/page"}],"author":[{"embeddable":true,"href":"https:\/\/labase.org\/nicaragua\/wp-json\/wp\/v2\/users\/1"}],"replies":[{"embeddable":true,"href":"https:\/\/labase.org\/nicaragua\/wp-json\/wp\/v2\/comments?post=3076"}],"version-history":[{"count":67,"href":"https:\/\/labase.org\/nicaragua\/wp-json\/wp\/v2\/pages\/3076\/revisions"}],"predecessor-version":[{"id":4226,"href":"https:\/\/labase.org\/nicaragua\/wp-json\/wp\/v2\/pages\/3076\/revisions\/4226"}],"wp:attachment":[{"href":"https:\/\/labase.org\/nicaragua\/wp-json\/wp\/v2\/media?parent=3076"}],"curies":[{"name":"wp","href":"https:\/\/api.w.org\/{rel}","templated":true}]}}